{"id":2672,"date":"2024-06-10T12:19:34","date_gmt":"2024-06-10T12:19:34","guid":{"rendered":"https:\/\/ketchumcorpstg.wpengine.com\/germany\/?page_id=2381"},"modified":"2024-07-17T08:29:42","modified_gmt":"2024-07-17T08:29:42","slug":"crisis-unterseite-krisentraining","status":"publish","type":"page","link":"https:\/\/www.ketchum.com\/germany\/crisis-unterseite-krisentraining\/","title":{"rendered":"Crisis \u2013 Unterseite Krisentraining"},"content":{"rendered":"\n<div style=\"height:20px\" aria-hidden=\"true\" class=\"wp-block-spacer ketchum-timber-desktop-only\"><\/div>\n\n\n\n<div class=\"wp-block-cover is-light bannerTopImg\" style=\"min-height:776px;aspect-ratio:unset;\"><span aria-hidden=\"true\" class=\"wp-block-cover__background has-background-dim-0 has-background-dim\" style=\"background-color:#c6cbce\"><\/span><img decoding=\"async\" class=\"wp-block-cover__image-background wp-image-2589\" alt=\"\" src=\"https:\/\/www.ketchum.com\/germany\/wp-content\/uploads\/sites\/5\/2024\/06\/iStock-1516277094-scaled.jpg\" style=\"object-position:67% 10%\" data-object-fit=\"cover\" data-object-position=\"67% 10%\"\/><div class=\"wp-block-cover__inner-container is-layout-flow wp-block-cover-is-layout-flow\">\n<div style=\"height:380px\" aria-hidden=\"true\" class=\"wp-block-spacer ketchum-timber-desktop-only\"><\/div>\n\n\n\n<p class=\"has-text-align-center has-white-color has-text-color has-link-color has-medium-font-size wp-elements-d68cdbd5212686de36532df208ac4d1d\"><strong>Next Level:<\/strong><\/p>\n\n\n<style>@media only screen and (max-width: 1200px) {.gb-69f10977ddaac{}}@media only screen and (max-width: 600px) {.gb-69f10977ddaac{}}<\/style>\n<h1 class=\"gb-69f10977ddaac wp-block-heading has-text-align-center anchorTagCls headerHeadings_mob has-white-color has-text-color has-link-color wp-elements-e2c2c6021c19a36e860b2b95477c5a7c\" style=\"padding-right:0;padding-left:0;font-size:46px\">INTERAKTIVE <br>KRISENSIMULATION MIT KI<br><br><\/h1>\n<\/div><\/div>\n\n\n\n<div style=\"height:20px\" aria-hidden=\"true\" class=\"wp-block-spacer ketchum-timber-desktop-only\"><\/div>\n\n\n\n<div style=\"padding-left:5%;padding-right:5%;padding-top:5%\" class=\"wp-block-genesis-blocks-gb-container gb-block-container\"><div class=\"gb-container-inside\"><div class=\"gb-container-image-wrap\"><img decoding=\"async\" class=\"gb-container-image has-background-dim-100 has-background-dim\" src=\"https:\/\/www.ketchum.com\/germany\/wp-content\/uploads\/sites\/5\/2024\/06\/Element_Grid_pattern_bg.svg\" alt=\"\"\/><\/div><div class=\"gb-container-content\" style=\"max-width:1080px\">\n<div class=\"wp-block-columns is-layout-flex wp-container-core-columns-is-layout-9d6595d7 wp-block-columns-is-layout-flex\">\n<div class=\"wp-block-column is-layout-flow wp-block-column-is-layout-flow\"><style>.gb-69f10977de0a5{font-size: 20px;}@media only screen and (max-width: 1200px) {.gb-69f10977de0a5{}}@media only screen and (max-width: 600px) {.gb-69f10977de0a5{}}<\/style>\n<h2 class=\"gb-69f10977de0a5 wp-block-heading h5FontSize_mob has-text-color has-link-color has-medium-font-size wp-elements-43f20dabd98f898e04773f2b18b9e28e\" style=\"color:#243f55\"><strong>Erleben Sie Krisentraining auf eine v\u00f6llig neue Art und Weise mit KI. Nutzen Sie die Vorteile von interaktiven Krisensimulationen, um Ihr Team auf echte Krisensituationen vorzubereiten. Unser einzigartiges Krisentraining erm\u00f6glicht es Ihnen, in einer sicheren Umgebung realistische Szenarien durchzuspielen und effektive Strategien zu entwickeln. Angepasst auf Ihre Branche: <mark style=\"background-color:rgba(0, 0, 0, 0);color:#9a1960\" class=\"has-inline-color\">Von KRITIS \u00fcber Healthcare bis zu FMCG bieten wir eine optimale Lernumgebung. <\/mark><\/strong><br><br><\/h2>\n\n\n\n<p class=\"parafontsize_mob paralineHeight has-text-color has-link-color wp-elements-418d9a2511a9d877a813546da5a751fd\" style=\"color:#243f55\">Unser KI-System hilft Unternehmen, ma\u00dfgeschneiderte Krisenspiele und Serious Gaming-Erlebnisse zu schaffen, die es Mitarbeitern erm\u00f6glichen, in Echtzeit Entscheidungen zu treffen und deren Auswirkungen unmittelbar zu erleben. Dieses praxisnahe Training hilft Ihnen, Schwachstellen zu identifizieren und Ihre Krisenmanagementf\u00e4higkeiten zu st\u00e4rken. Vertrauen Sie auf unsere Expertise im Bereich Krisensimulation und Gamification, um Ihr Unternehmen widerstandsf\u00e4higer zu machen und optimal auf Krisen vorzubereiten.<\/p>\n<\/div>\n\n\n\n<div class=\"wp-block-column is-layout-flow wp-block-column-is-layout-flow\" style=\"padding-top:var(--wp--preset--spacing--80);padding-bottom:var(--wp--preset--spacing--80)\"><div class=\"wp-block-image imgIconSvg\">\n<figure class=\"aligncenter size-full\"><img decoding=\"async\" src=\"https:\/\/www.ketchum.com\/germany\/wp-content\/uploads\/sites\/5\/2024\/06\/icon_009.svg\" alt=\"\" class=\"wp-image-2586\" style=\"object-fit:cover\"\/><\/figure>\n<\/div><\/div>\n<\/div>\n<\/div><\/div><\/div>\n\n\n\n<div style=\"height:20px\" aria-hidden=\"true\" class=\"wp-block-spacer ketchum-timber-desktop-only\"><\/div>\n","protected":false},"excerpt":{"rendered":"Next Level: INTERAKTIVE KRISENSIMULATION MIT KI Erleben Sie Krisentraining auf eine v\u00f6llig neue Art und Weise mit KI. Nutzen Sie die Vorteile von interaktiven Krisensimulationen, um Ihr Team auf echte Krisensituationen vorzubereiten. Unser einzigartiges Krisentraining erm\u00f6glicht es Ihnen, in einer sicheren Umgebung realistische Szenarien durchzuspielen und effektive Strategien zu entwickeln. Angepasst auf Ihre Branche: Von [...]","protected":false},"author":3,"featured_media":601,"parent":0,"menu_order":0,"comment_status":"closed","ping_status":"closed","template":"","meta":{"_acf_changed":false,"footnotes":""},"class_list":["post-2672","page","type-page","status-publish","has-post-thumbnail","hentry"],"acf":[],"yoast_head":"<!-- This site is optimized with the Yoast SEO plugin v27.4 - https:\/\/yoast.com\/product\/yoast-seo-wordpress\/ -->\n<title>Crisis \u2013 Unterseite Krisentraining | Ketchum \u2013 Eine f\u00fchrende Agentur f\u00fcr Reputation, Markenkommunikation und Transformation<\/title>\n<meta name=\"description\" content=\"Ketchum ist eine der f\u00fchrenden Kommunikationsberatungen. Ketchum versteht sich als strategischer und operativer Partner der Kund:innen beim Auf- und Ausbau ihrer Marken und ihrer Reputation bei Medien, Influencer:innen und Konsument:innen, bei der Eroberung neuer M\u00e4rkte, bei dynamischen Ver\u00e4nderungsprozessen und in der Digitalen Transformation, bei der Bew\u00e4ltigung von Krisen sowie bei gesellschaftlichen und politischen Gestaltungsaufgaben.\" \/>\n<meta name=\"robots\" content=\"index, follow, max-snippet:-1, max-image-preview:large, max-video-preview:-1\" \/>\n<link rel=\"canonical\" href=\"https:\/\/www.ketchum.com\/germany\/crisis-unterseite-krisentraining\/\" \/>\n<meta property=\"og:locale\" content=\"de_DE\" \/>\n<meta property=\"og:type\" content=\"article\" \/>\n<meta property=\"og:title\" content=\"Crisis \u2013 Unterseite Krisentraining | Ketchum \u2013 Eine f\u00fchrende Agentur f\u00fcr Reputation, Markenkommunikation und Transformation\" \/>\n<meta property=\"og:description\" content=\"Ketchum ist eine der f\u00fchrenden Kommunikationsberatungen. Ketchum versteht sich als strategischer und operativer Partner der Kund:innen beim Auf- und Ausbau ihrer Marken und ihrer Reputation bei Medien, Influencer:innen und Konsument:innen, bei der Eroberung neuer M\u00e4rkte, bei dynamischen Ver\u00e4nderungsprozessen und in der Digitalen Transformation, bei der Bew\u00e4ltigung von Krisen sowie bei gesellschaftlichen und politischen Gestaltungsaufgaben.\" \/>\n<meta property=\"og:url\" content=\"https:\/\/www.ketchum.com\/germany\/crisis-unterseite-krisentraining\/\" \/>\n<meta property=\"og:site_name\" content=\"Ketchum Germany\" \/>\n<meta property=\"article:modified_time\" content=\"2024-07-17T08:29:42+00:00\" \/>\n<meta property=\"og:image\" content=\"https:\/\/www.ketchum.com\/germany\/wp-content\/uploads\/sites\/5\/2023\/03\/9.jpg\" \/>\n\t<meta property=\"og:image:width\" content=\"2048\" \/>\n\t<meta property=\"og:image:height\" content=\"1536\" \/>\n\t<meta property=\"og:image:type\" content=\"image\/jpeg\" \/>\n<meta name=\"twitter:card\" content=\"summary_large_image\" \/>\n<meta name=\"twitter:label1\" content=\"Est. reading time\" \/>\n\t<meta name=\"twitter:data1\" content=\"2 minutes\" \/>\n<script type=\"application\/ld+json\" class=\"yoast-schema-graph\">{\"@context\":\"https:\\\/\\\/schema.org\",\"@graph\":[{\"@type\":\"WebPage\",\"@id\":\"https:\\\/\\\/www.ketchum.com\\\/germany\\\/crisis-unterseite-krisentraining\\\/\",\"url\":\"https:\\\/\\\/www.ketchum.com\\\/germany\\\/crisis-unterseite-krisentraining\\\/\",\"name\":\"Crisis \u2013 Unterseite Krisentraining | Ketchum \u2013 Eine f\u00fchrende Agentur f\u00fcr Reputation, Markenkommunikation und Transformation\",\"isPartOf\":{\"@id\":\"https:\\\/\\\/www.ketchum.com\\\/germany\\\/#website\"},\"primaryImageOfPage\":{\"@id\":\"https:\\\/\\\/www.ketchum.com\\\/germany\\\/crisis-unterseite-krisentraining\\\/#primaryimage\"},\"image\":{\"@id\":\"https:\\\/\\\/www.ketchum.com\\\/germany\\\/crisis-unterseite-krisentraining\\\/#primaryimage\"},\"thumbnailUrl\":\"https:\\\/\\\/www.ketchum.com\\\/germany\\\/wp-content\\\/uploads\\\/sites\\\/5\\\/2023\\\/03\\\/9.jpg\",\"datePublished\":\"2024-06-10T12:19:34+00:00\",\"dateModified\":\"2024-07-17T08:29:42+00:00\",\"description\":\"Ketchum ist eine der f\u00fchrenden Kommunikationsberatungen. Ketchum versteht sich als strategischer und operativer Partner der Kund:innen beim Auf- und Ausbau ihrer Marken und ihrer Reputation bei Medien, Influencer:innen und Konsument:innen, bei der Eroberung neuer M\u00e4rkte, bei dynamischen Ver\u00e4nderungsprozessen und in der Digitalen Transformation, bei der Bew\u00e4ltigung von Krisen sowie bei gesellschaftlichen und politischen Gestaltungsaufgaben.\",\"breadcrumb\":{\"@id\":\"https:\\\/\\\/www.ketchum.com\\\/germany\\\/crisis-unterseite-krisentraining\\\/#breadcrumb\"},\"inLanguage\":\"de-DE\",\"potentialAction\":[{\"@type\":\"ReadAction\",\"target\":[\"https:\\\/\\\/www.ketchum.com\\\/germany\\\/crisis-unterseite-krisentraining\\\/\"]}]},{\"@type\":\"ImageObject\",\"inLanguage\":\"de-DE\",\"@id\":\"https:\\\/\\\/www.ketchum.com\\\/germany\\\/crisis-unterseite-krisentraining\\\/#primaryimage\",\"url\":\"https:\\\/\\\/www.ketchum.com\\\/germany\\\/wp-content\\\/uploads\\\/sites\\\/5\\\/2023\\\/03\\\/9.jpg\",\"contentUrl\":\"https:\\\/\\\/www.ketchum.com\\\/germany\\\/wp-content\\\/uploads\\\/sites\\\/5\\\/2023\\\/03\\\/9.jpg\",\"width\":2048,\"height\":1536},{\"@type\":\"BreadcrumbList\",\"@id\":\"https:\\\/\\\/www.ketchum.com\\\/germany\\\/crisis-unterseite-krisentraining\\\/#breadcrumb\",\"itemListElement\":[{\"@type\":\"ListItem\",\"position\":1,\"name\":\"Home\",\"item\":\"https:\\\/\\\/www.ketchum.com\\\/germany\\\/\"},{\"@type\":\"ListItem\",\"position\":2,\"name\":\"Crisis \u2013 Unterseite Krisentraining\"}]},{\"@type\":\"WebSite\",\"@id\":\"https:\\\/\\\/www.ketchum.com\\\/germany\\\/#website\",\"url\":\"https:\\\/\\\/www.ketchum.com\\\/germany\\\/\",\"name\":\"Ketchum Germany\",\"description\":\"Ketchum ist eine der f\u00fchrenden Kommunikationsberatungen. Ketchum versteht sich als strategischer und operativer Partner der Kund:innen beim Auf- und Ausbau ihrer Marken und ihrer Reputation bei Medien, Influencer:innen und Konsument:innen, bei der Eroberung neuer M\u00e4rkte, bei dynamischen Ver\u00e4nderungsprozessen und in der Digitalen Transformation, bei der Bew\u00e4ltigung von Krisen sowie bei gesellschaftlichen und politischen Gestaltungsaufgaben.\",\"potentialAction\":[{\"@type\":\"SearchAction\",\"target\":{\"@type\":\"EntryPoint\",\"urlTemplate\":\"https:\\\/\\\/www.ketchum.com\\\/germany\\\/?s={search_term_string}\"},\"query-input\":{\"@type\":\"PropertyValueSpecification\",\"valueRequired\":true,\"valueName\":\"search_term_string\"}}],\"inLanguage\":\"de-DE\"}]}<\/script>\n<!-- \/ Yoast SEO plugin. -->","yoast_head_json":{"title":"Crisis \u2013 Unterseite Krisentraining | Ketchum \u2013 Eine f\u00fchrende Agentur f\u00fcr Reputation, Markenkommunikation und Transformation","description":"Ketchum ist eine der f\u00fchrenden Kommunikationsberatungen. Ketchum versteht sich als strategischer und operativer Partner der Kund:innen beim Auf- und Ausbau ihrer Marken und ihrer Reputation bei Medien, Influencer:innen und Konsument:innen, bei der Eroberung neuer M\u00e4rkte, bei dynamischen Ver\u00e4nderungsprozessen und in der Digitalen Transformation, bei der Bew\u00e4ltigung von Krisen sowie bei gesellschaftlichen und politischen Gestaltungsaufgaben.","robots":{"index":"index","follow":"follow","max-snippet":"max-snippet:-1","max-image-preview":"max-image-preview:large","max-video-preview":"max-video-preview:-1"},"canonical":"https:\/\/www.ketchum.com\/germany\/crisis-unterseite-krisentraining\/","og_locale":"de_DE","og_type":"article","og_title":"Crisis \u2013 Unterseite Krisentraining | Ketchum \u2013 Eine f\u00fchrende Agentur f\u00fcr Reputation, Markenkommunikation und Transformation","og_description":"Ketchum ist eine der f\u00fchrenden Kommunikationsberatungen. Ketchum versteht sich als strategischer und operativer Partner der Kund:innen beim Auf- und Ausbau ihrer Marken und ihrer Reputation bei Medien, Influencer:innen und Konsument:innen, bei der Eroberung neuer M\u00e4rkte, bei dynamischen Ver\u00e4nderungsprozessen und in der Digitalen Transformation, bei der Bew\u00e4ltigung von Krisen sowie bei gesellschaftlichen und politischen Gestaltungsaufgaben.","og_url":"https:\/\/www.ketchum.com\/germany\/crisis-unterseite-krisentraining\/","og_site_name":"Ketchum Germany","article_modified_time":"2024-07-17T08:29:42+00:00","og_image":[{"width":2048,"height":1536,"url":"https:\/\/www.ketchum.com\/germany\/wp-content\/uploads\/sites\/5\/2023\/03\/9.jpg","type":"image\/jpeg"}],"twitter_card":"summary_large_image","twitter_misc":{"Est. reading time":"2 minutes"},"schema":{"@context":"https:\/\/schema.org","@graph":[{"@type":"WebPage","@id":"https:\/\/www.ketchum.com\/germany\/crisis-unterseite-krisentraining\/","url":"https:\/\/www.ketchum.com\/germany\/crisis-unterseite-krisentraining\/","name":"Crisis \u2013 Unterseite Krisentraining | Ketchum \u2013 Eine f\u00fchrende Agentur f\u00fcr Reputation, Markenkommunikation und Transformation","isPartOf":{"@id":"https:\/\/www.ketchum.com\/germany\/#website"},"primaryImageOfPage":{"@id":"https:\/\/www.ketchum.com\/germany\/crisis-unterseite-krisentraining\/#primaryimage"},"image":{"@id":"https:\/\/www.ketchum.com\/germany\/crisis-unterseite-krisentraining\/#primaryimage"},"thumbnailUrl":"https:\/\/www.ketchum.com\/germany\/wp-content\/uploads\/sites\/5\/2023\/03\/9.jpg","datePublished":"2024-06-10T12:19:34+00:00","dateModified":"2024-07-17T08:29:42+00:00","description":"Ketchum ist eine der f\u00fchrenden Kommunikationsberatungen. Ketchum versteht sich als strategischer und operativer Partner der Kund:innen beim Auf- und Ausbau ihrer Marken und ihrer Reputation bei Medien, Influencer:innen und Konsument:innen, bei der Eroberung neuer M\u00e4rkte, bei dynamischen Ver\u00e4nderungsprozessen und in der Digitalen Transformation, bei der Bew\u00e4ltigung von Krisen sowie bei gesellschaftlichen und politischen Gestaltungsaufgaben.","breadcrumb":{"@id":"https:\/\/www.ketchum.com\/germany\/crisis-unterseite-krisentraining\/#breadcrumb"},"inLanguage":"de-DE","potentialAction":[{"@type":"ReadAction","target":["https:\/\/www.ketchum.com\/germany\/crisis-unterseite-krisentraining\/"]}]},{"@type":"ImageObject","inLanguage":"de-DE","@id":"https:\/\/www.ketchum.com\/germany\/crisis-unterseite-krisentraining\/#primaryimage","url":"https:\/\/www.ketchum.com\/germany\/wp-content\/uploads\/sites\/5\/2023\/03\/9.jpg","contentUrl":"https:\/\/www.ketchum.com\/germany\/wp-content\/uploads\/sites\/5\/2023\/03\/9.jpg","width":2048,"height":1536},{"@type":"BreadcrumbList","@id":"https:\/\/www.ketchum.com\/germany\/crisis-unterseite-krisentraining\/#breadcrumb","itemListElement":[{"@type":"ListItem","position":1,"name":"Home","item":"https:\/\/www.ketchum.com\/germany\/"},{"@type":"ListItem","position":2,"name":"Crisis \u2013 Unterseite Krisentraining"}]},{"@type":"WebSite","@id":"https:\/\/www.ketchum.com\/germany\/#website","url":"https:\/\/www.ketchum.com\/germany\/","name":"Ketchum Germany","description":"Ketchum ist eine der f\u00fchrenden Kommunikationsberatungen. Ketchum versteht sich als strategischer und operativer Partner der Kund:innen beim Auf- und Ausbau ihrer Marken und ihrer Reputation bei Medien, Influencer:innen und Konsument:innen, bei der Eroberung neuer M\u00e4rkte, bei dynamischen Ver\u00e4nderungsprozessen und in der Digitalen Transformation, bei der Bew\u00e4ltigung von Krisen sowie bei gesellschaftlichen und politischen Gestaltungsaufgaben.","potentialAction":[{"@type":"SearchAction","target":{"@type":"EntryPoint","urlTemplate":"https:\/\/www.ketchum.com\/germany\/?s={search_term_string}"},"query-input":{"@type":"PropertyValueSpecification","valueRequired":true,"valueName":"search_term_string"}}],"inLanguage":"de-DE"}]}},"featured_image_src":"https:\/\/www.ketchum.com\/germany\/wp-content\/uploads\/sites\/5\/2023\/03\/9.jpg","featured_image_src_square":"https:\/\/www.ketchum.com\/germany\/wp-content\/uploads\/sites\/5\/2023\/03\/9.jpg","_links":{"self":[{"href":"https:\/\/www.ketchum.com\/germany\/wp-json\/wp\/v2\/pages\/2672","targetHints":{"allow":["GET"]}}],"collection":[{"href":"https:\/\/www.ketchum.com\/germany\/wp-json\/wp\/v2\/pages"}],"about":[{"href":"https:\/\/www.ketchum.com\/germany\/wp-json\/wp\/v2\/types\/page"}],"author":[{"embeddable":true,"href":"https:\/\/www.ketchum.com\/germany\/wp-json\/wp\/v2\/users\/3"}],"replies":[{"embeddable":true,"href":"https:\/\/www.ketchum.com\/germany\/wp-json\/wp\/v2\/comments?post=2672"}],"version-history":[{"count":0,"href":"https:\/\/www.ketchum.com\/germany\/wp-json\/wp\/v2\/pages\/2672\/revisions"}],"wp:featuredmedia":[{"embeddable":true,"href":"https:\/\/www.ketchum.com\/germany\/wp-json\/wp\/v2\/media\/601"}],"wp:attachment":[{"href":"https:\/\/www.ketchum.com\/germany\/wp-json\/wp\/v2\/media?parent=2672"}],"curies":[{"name":"wp","href":"https:\/\/api.w.org\/{rel}","templated":true}]}}