{"id":2669,"date":"2024-06-10T10:44:22","date_gmt":"2024-06-10T10:44:22","guid":{"rendered":"https:\/\/ketchumcorpstg.wpengine.com\/germany\/?page_id=2378"},"modified":"2024-11-14T16:23:36","modified_gmt":"2024-11-14T16:23:36","slug":"crisis-unterseite-krisensimulation","status":"publish","type":"page","link":"https:\/\/www.ketchum.com\/germany\/crisis-unterseite-krisensimulation\/","title":{"rendered":"Crisis \u2013 Unterseite Krisensimulation"},"content":{"rendered":"\n<div style=\"height:20px\" aria-hidden=\"true\" class=\"wp-block-spacer ketchum-timber-desktop-only\"><\/div>\n\n\n\n<div class=\"wp-block-cover is-light bannerTopImg\" style=\"min-height:776px;aspect-ratio:unset;\"><span aria-hidden=\"true\" class=\"wp-block-cover__background has-background-dim-0 has-background-dim\" style=\"background-color:#9e8a88\"><\/span><img decoding=\"async\" class=\"wp-block-cover__image-background wp-image-2658\" alt=\"\" src=\"https:\/\/www.ketchum.com\/germany\/wp-content\/uploads\/sites\/5\/2024\/06\/roberto-nickson-MA82mPIZeGI-unsplash-scaled.jpg\" data-object-fit=\"cover\"\/><div class=\"wp-block-cover__inner-container is-layout-flow wp-block-cover-is-layout-flow\">\n<div style=\"height:380px\" aria-hidden=\"true\" class=\"wp-block-spacer ketchum-timber-desktop-only\"><\/div>\n\n\n\n<p class=\"has-text-align-center has-white-color has-text-color has-link-color wp-elements-e61c2f02710aeed6fbec21c638fcffc0\"><strong>Use Case:<\/strong><\/p>\n\n\n<style>@media only screen and (max-width: 1200px) {.gb-69f0f4ea3fbca{}}@media only screen and (max-width: 600px) {.gb-69f0f4ea3fbca{}}<\/style>\n<h1 class=\"gb-69f0f4ea3fbca wp-block-heading has-text-align-center anchorTagCls headerHeadings_mob has-white-color has-text-color has-link-color wp-elements-052c5b6f4b3fdb5c7fb217b33a2a1941\" style=\"padding-right:0;padding-left:0;font-size:46px\">KRISENSIMULATION F\u00dcR GLOBAL<br> AGIERENDES UNTERNEHMEN IM BEREICH <br>LUXUSHOTELLERIE<\/h1>\n<\/div><\/div>\n\n\n\n<div style=\"height:20px\" aria-hidden=\"true\" class=\"wp-block-spacer ketchum-timber-desktop-only\"><\/div>\n\n\n\n<div class=\"wp-block-genesis-blocks-gb-columns container gb-layout-columns-2 gb-2-col-equal gb-background-cover gb-background-no-repeat\" style=\"padding-top:5%;padding-bottom:5%;padding-left:5%;background-image:url(https:\/\/www.ketchum.com\/germany\/wp-content\/uploads\/sites\/5\/2024\/06\/Element_Grid_pattern_bg.svg)\"><div class=\"gb-layout-column-wrap gb-block-layout-column-gap-2 gb-is-responsive-column\">\n<div class=\"wp-block-genesis-blocks-gb-column gb-block-layout-column\"><div class=\"gb-block-layout-column-inner\"><style>@media only screen and (max-width: 1200px) {.gb-69f0f4ea400d8{}}@media only screen and (max-width: 600px) {.gb-69f0f4ea400d8{}}<\/style>\n<h2 class=\"gb-69f0f4ea400d8 wp-block-heading h5FontSize_mob\" style=\"font-size:34px\">Ketchum fungiert als <mark style=\"background-color:rgba(0, 0, 0, 0);color:#fbbd42\" class=\"has-inline-color\">globaler Hub f\u00fcr das Issues- und Crisis Response-System<\/mark> der Hotelkette. Als Unternehmen in der Luxusbranche mit H\u00e4usern in Dutzenden von L\u00e4ndern ist die Bandbreite der reputativen Herausforderungen enorm vielf\u00e4ltig und erfordert die weltweite Koordination von mehr als 80 lokalen Krisenmanagementteams.<br><br><\/h2>\n\n\n<style>@media only screen and (max-width: 1200px) {.gb-69f0f4ea400f7{}}@media only screen and (max-width: 600px) {.gb-69f0f4ea400f7{}}<\/style>\n<p class=\"gb-69f0f4ea400f7 parafontsize_mob paralineHeight\">Als Teil dieses Prozesses f\u00fchrt Ketchum regelm\u00e4\u00dfig Krisentrainings sowohl f\u00fcr das Global Leadership des Unternehmens als auch f\u00fcr s\u00e4mtliche Manager der Hotels vor Ort durch. <br><br>So wurden anhand eines fiktiven Krisenszenarios j\u00fcngst mehr als 240 Team-Mitglieder aus der ganzen Welt innerhalb von sechs Tagen in der Anwendung der Krisenprozesse, dem richtigen Umgang mit Medien und dem Management der G\u00e4ste in Krisensituationen trainiert \u2013 alles mit dem Ziel, im Krisenfall vor Ort sofort handlungsf\u00e4hig zu sein. <br><br>\u00c4hnlich komplexe Krisensimulationen realisiert Ketchum beispielsweise regelm\u00e4\u00dfig f\u00fcr Unternehmen der KRITIS \u2013 national wie international.<\/p>\n<\/div><\/div>\n\n\n\n<div class=\"wp-block-genesis-blocks-gb-column gb-block-layout-column\"><div class=\"gb-block-layout-column-inner\" style=\"margin-top:70px;margin-bottom:50px\">\n<div style=\"background-color:#243f55;padding-bottom:2%;padding-top:2%\" class=\"wp-block-genesis-blocks-gb-container gb-block-container\"><div class=\"gb-container-inside\"><div class=\"gb-container-content\">\n<div class=\"wp-block-columns is-layout-flex wp-container-core-columns-is-layout-9d6595d7 wp-block-columns-is-layout-flex\" id=\"germanyVerticalborder2\">\n<div class=\"wp-block-column is-layout-flow wp-block-column-is-layout-flow\">\n<p class=\"h4fontSize_mob has-white-color has-text-color has-link-color wp-elements-ca6f64e98e00836cd94b5778bc71bc04\" style=\"padding-right:var(--wp--preset--spacing--60);padding-left:var(--wp--preset--spacing--60);font-size:34px\"><br>Eine weitere M\u00f6glichkeit: <mark style=\"background-color:rgba(0, 0, 0, 0);color:#fbbc42\" class=\"has-inline-color\"><strong>Interaktive Krisensimulation mit KI.<\/strong><\/mark> Effektiv skalierendes Krisentraining f\u00fcr Ihr Unternehmen.<\/p>\n\n\n\n<div style=\"height:30px\" aria-hidden=\"true\" class=\"wp-block-spacer\"><\/div>\n\n\n\n<div class=\"wp-block-buttons is-content-justification-center is-layout-flex wp-container-core-buttons-is-layout-16018d1d wp-block-buttons-is-layout-flex\">\n<div class=\"wp-block-button has-custom-width wp-block-button__width-75 has-custom-font-size krisentrainingBtn plusIcn\" style=\"font-size:14px\"><a class=\"wp-block-button__link has-text-color has-background has-link-color wp-element-button\" href=\"https:\/\/www.ketchum.com\/germany\/crisis-unterseite-krisentraining\/\" style=\"color:#243f55;background-color:#fbbc42;padding-right:var(--wp--preset--spacing--50);padding-left:var(--wp--preset--spacing--50)\"><strong>Krisentraining: Lassen Sie sich von Ketchum coachen<\/strong> <\/a><\/div>\n<\/div>\n<\/div>\n<\/div>\n<\/div><\/div><\/div>\n<\/div><\/div>\n<\/div><\/div>\n\n\n\n<div style=\"height:20px\" aria-hidden=\"true\" class=\"wp-block-spacer ketchum-timber-desktop-only\"><\/div>\n\n\n\n<style>\n#germanyVerticalborder2::before {\n    content: \"\";\n    display: block;\n    width: 60px;\n    border-top: 10px solid #FBBC42;\n    border-left: 10px solid #FBBC42;\n    margin-bottom: 10px;\n    height: 60px;\n    position: absolute;\n    top: 30px;\n    left: 125px;\n}\n#germanyVerticalborder2 {\n    position: relative;\n    padding-left: 20px;\n}\n<\/style>\n","protected":false},"excerpt":{"rendered":"Use Case: KRISENSIMULATION F\u00dcR GLOBAL AGIERENDES UNTERNEHMEN IM BEREICH LUXUSHOTELLERIE Ketchum fungiert als globaler Hub f\u00fcr das Issues- und Crisis Response-System der Hotelkette. Als Unternehmen in der Luxusbranche mit H\u00e4usern in Dutzenden von L\u00e4ndern ist die Bandbreite der reputativen Herausforderungen enorm vielf\u00e4ltig und erfordert die weltweite Koordination von mehr als 80 lokalen Krisenmanagementteams. Als Teil [...]","protected":false},"author":3,"featured_media":601,"parent":0,"menu_order":0,"comment_status":"closed","ping_status":"closed","template":"","meta":{"_acf_changed":false,"footnotes":""},"class_list":["post-2669","page","type-page","status-publish","has-post-thumbnail","hentry"],"acf":[],"yoast_head":"<!-- This site is optimized with the Yoast SEO plugin v27.4 - https:\/\/yoast.com\/product\/yoast-seo-wordpress\/ -->\n<title>Crisis \u2013 Unterseite Krisensimulation | Ketchum \u2013 Eine f\u00fchrende Agentur f\u00fcr Reputation, Markenkommunikation und Transformation<\/title>\n<meta name=\"description\" content=\"Ketchum ist eine der f\u00fchrenden Kommunikationsberatungen. Ketchum versteht sich als strategischer und operativer Partner der Kund:innen beim Auf- und Ausbau ihrer Marken und ihrer Reputation bei Medien, Influencer:innen und Konsument:innen, bei der Eroberung neuer M\u00e4rkte, bei dynamischen Ver\u00e4nderungsprozessen und in der Digitalen Transformation, bei der Bew\u00e4ltigung von Krisen sowie bei gesellschaftlichen und politischen Gestaltungsaufgaben.\" \/>\n<meta name=\"robots\" content=\"index, follow, max-snippet:-1, max-image-preview:large, max-video-preview:-1\" \/>\n<link rel=\"canonical\" href=\"https:\/\/www.ketchum.com\/germany\/crisis-unterseite-krisensimulation\/\" \/>\n<meta property=\"og:locale\" content=\"de_DE\" \/>\n<meta property=\"og:type\" content=\"article\" \/>\n<meta property=\"og:title\" content=\"Crisis \u2013 Unterseite Krisensimulation | Ketchum \u2013 Eine f\u00fchrende Agentur f\u00fcr Reputation, Markenkommunikation und Transformation\" \/>\n<meta property=\"og:description\" content=\"Ketchum ist eine der f\u00fchrenden Kommunikationsberatungen. Ketchum versteht sich als strategischer und operativer Partner der Kund:innen beim Auf- und Ausbau ihrer Marken und ihrer Reputation bei Medien, Influencer:innen und Konsument:innen, bei der Eroberung neuer M\u00e4rkte, bei dynamischen Ver\u00e4nderungsprozessen und in der Digitalen Transformation, bei der Bew\u00e4ltigung von Krisen sowie bei gesellschaftlichen und politischen Gestaltungsaufgaben.\" \/>\n<meta property=\"og:url\" content=\"https:\/\/www.ketchum.com\/germany\/crisis-unterseite-krisensimulation\/\" \/>\n<meta property=\"og:site_name\" content=\"Ketchum Germany\" \/>\n<meta property=\"article:modified_time\" content=\"2024-11-14T16:23:36+00:00\" \/>\n<meta property=\"og:image\" content=\"https:\/\/www.ketchum.com\/germany\/wp-content\/uploads\/sites\/5\/2023\/03\/9.jpg\" \/>\n\t<meta property=\"og:image:width\" content=\"2048\" \/>\n\t<meta property=\"og:image:height\" content=\"1536\" \/>\n\t<meta property=\"og:image:type\" content=\"image\/jpeg\" \/>\n<meta name=\"twitter:card\" content=\"summary_large_image\" \/>\n<meta name=\"twitter:label1\" content=\"Est. reading time\" \/>\n\t<meta name=\"twitter:data1\" content=\"2 minutes\" \/>\n<script type=\"application\/ld+json\" class=\"yoast-schema-graph\">{\"@context\":\"https:\\\/\\\/schema.org\",\"@graph\":[{\"@type\":\"WebPage\",\"@id\":\"https:\\\/\\\/www.ketchum.com\\\/germany\\\/crisis-unterseite-krisensimulation\\\/\",\"url\":\"https:\\\/\\\/www.ketchum.com\\\/germany\\\/crisis-unterseite-krisensimulation\\\/\",\"name\":\"Crisis \u2013 Unterseite Krisensimulation | Ketchum \u2013 Eine f\u00fchrende Agentur f\u00fcr Reputation, Markenkommunikation und Transformation\",\"isPartOf\":{\"@id\":\"https:\\\/\\\/www.ketchum.com\\\/germany\\\/#website\"},\"primaryImageOfPage\":{\"@id\":\"https:\\\/\\\/www.ketchum.com\\\/germany\\\/crisis-unterseite-krisensimulation\\\/#primaryimage\"},\"image\":{\"@id\":\"https:\\\/\\\/www.ketchum.com\\\/germany\\\/crisis-unterseite-krisensimulation\\\/#primaryimage\"},\"thumbnailUrl\":\"https:\\\/\\\/www.ketchum.com\\\/germany\\\/wp-content\\\/uploads\\\/sites\\\/5\\\/2023\\\/03\\\/9.jpg\",\"datePublished\":\"2024-06-10T10:44:22+00:00\",\"dateModified\":\"2024-11-14T16:23:36+00:00\",\"description\":\"Ketchum ist eine der f\u00fchrenden Kommunikationsberatungen. Ketchum versteht sich als strategischer und operativer Partner der Kund:innen beim Auf- und Ausbau ihrer Marken und ihrer Reputation bei Medien, Influencer:innen und Konsument:innen, bei der Eroberung neuer M\u00e4rkte, bei dynamischen Ver\u00e4nderungsprozessen und in der Digitalen Transformation, bei der Bew\u00e4ltigung von Krisen sowie bei gesellschaftlichen und politischen Gestaltungsaufgaben.\",\"breadcrumb\":{\"@id\":\"https:\\\/\\\/www.ketchum.com\\\/germany\\\/crisis-unterseite-krisensimulation\\\/#breadcrumb\"},\"inLanguage\":\"de-DE\",\"potentialAction\":[{\"@type\":\"ReadAction\",\"target\":[\"https:\\\/\\\/www.ketchum.com\\\/germany\\\/crisis-unterseite-krisensimulation\\\/\"]}]},{\"@type\":\"ImageObject\",\"inLanguage\":\"de-DE\",\"@id\":\"https:\\\/\\\/www.ketchum.com\\\/germany\\\/crisis-unterseite-krisensimulation\\\/#primaryimage\",\"url\":\"https:\\\/\\\/www.ketchum.com\\\/germany\\\/wp-content\\\/uploads\\\/sites\\\/5\\\/2023\\\/03\\\/9.jpg\",\"contentUrl\":\"https:\\\/\\\/www.ketchum.com\\\/germany\\\/wp-content\\\/uploads\\\/sites\\\/5\\\/2023\\\/03\\\/9.jpg\",\"width\":2048,\"height\":1536},{\"@type\":\"BreadcrumbList\",\"@id\":\"https:\\\/\\\/www.ketchum.com\\\/germany\\\/crisis-unterseite-krisensimulation\\\/#breadcrumb\",\"itemListElement\":[{\"@type\":\"ListItem\",\"position\":1,\"name\":\"Home\",\"item\":\"https:\\\/\\\/www.ketchum.com\\\/germany\\\/\"},{\"@type\":\"ListItem\",\"position\":2,\"name\":\"Crisis \u2013 Unterseite Krisensimulation\"}]},{\"@type\":\"WebSite\",\"@id\":\"https:\\\/\\\/www.ketchum.com\\\/germany\\\/#website\",\"url\":\"https:\\\/\\\/www.ketchum.com\\\/germany\\\/\",\"name\":\"Ketchum Germany\",\"description\":\"Ketchum ist eine der f\u00fchrenden Kommunikationsberatungen. Ketchum versteht sich als strategischer und operativer Partner der Kund:innen beim Auf- und Ausbau ihrer Marken und ihrer Reputation bei Medien, Influencer:innen und Konsument:innen, bei der Eroberung neuer M\u00e4rkte, bei dynamischen Ver\u00e4nderungsprozessen und in der Digitalen Transformation, bei der Bew\u00e4ltigung von Krisen sowie bei gesellschaftlichen und politischen Gestaltungsaufgaben.\",\"potentialAction\":[{\"@type\":\"SearchAction\",\"target\":{\"@type\":\"EntryPoint\",\"urlTemplate\":\"https:\\\/\\\/www.ketchum.com\\\/germany\\\/?s={search_term_string}\"},\"query-input\":{\"@type\":\"PropertyValueSpecification\",\"valueRequired\":true,\"valueName\":\"search_term_string\"}}],\"inLanguage\":\"de-DE\"}]}<\/script>\n<!-- \/ Yoast SEO plugin. -->","yoast_head_json":{"title":"Crisis \u2013 Unterseite Krisensimulation | Ketchum \u2013 Eine f\u00fchrende Agentur f\u00fcr Reputation, Markenkommunikation und Transformation","description":"Ketchum ist eine der f\u00fchrenden Kommunikationsberatungen. Ketchum versteht sich als strategischer und operativer Partner der Kund:innen beim Auf- und Ausbau ihrer Marken und ihrer Reputation bei Medien, Influencer:innen und Konsument:innen, bei der Eroberung neuer M\u00e4rkte, bei dynamischen Ver\u00e4nderungsprozessen und in der Digitalen Transformation, bei der Bew\u00e4ltigung von Krisen sowie bei gesellschaftlichen und politischen Gestaltungsaufgaben.","robots":{"index":"index","follow":"follow","max-snippet":"max-snippet:-1","max-image-preview":"max-image-preview:large","max-video-preview":"max-video-preview:-1"},"canonical":"https:\/\/www.ketchum.com\/germany\/crisis-unterseite-krisensimulation\/","og_locale":"de_DE","og_type":"article","og_title":"Crisis \u2013 Unterseite Krisensimulation | Ketchum \u2013 Eine f\u00fchrende Agentur f\u00fcr Reputation, Markenkommunikation und Transformation","og_description":"Ketchum ist eine der f\u00fchrenden Kommunikationsberatungen. Ketchum versteht sich als strategischer und operativer Partner der Kund:innen beim Auf- und Ausbau ihrer Marken und ihrer Reputation bei Medien, Influencer:innen und Konsument:innen, bei der Eroberung neuer M\u00e4rkte, bei dynamischen Ver\u00e4nderungsprozessen und in der Digitalen Transformation, bei der Bew\u00e4ltigung von Krisen sowie bei gesellschaftlichen und politischen Gestaltungsaufgaben.","og_url":"https:\/\/www.ketchum.com\/germany\/crisis-unterseite-krisensimulation\/","og_site_name":"Ketchum Germany","article_modified_time":"2024-11-14T16:23:36+00:00","og_image":[{"width":2048,"height":1536,"url":"https:\/\/www.ketchum.com\/germany\/wp-content\/uploads\/sites\/5\/2023\/03\/9.jpg","type":"image\/jpeg"}],"twitter_card":"summary_large_image","twitter_misc":{"Est. reading time":"2 minutes"},"schema":{"@context":"https:\/\/schema.org","@graph":[{"@type":"WebPage","@id":"https:\/\/www.ketchum.com\/germany\/crisis-unterseite-krisensimulation\/","url":"https:\/\/www.ketchum.com\/germany\/crisis-unterseite-krisensimulation\/","name":"Crisis \u2013 Unterseite Krisensimulation | Ketchum \u2013 Eine f\u00fchrende Agentur f\u00fcr Reputation, Markenkommunikation und Transformation","isPartOf":{"@id":"https:\/\/www.ketchum.com\/germany\/#website"},"primaryImageOfPage":{"@id":"https:\/\/www.ketchum.com\/germany\/crisis-unterseite-krisensimulation\/#primaryimage"},"image":{"@id":"https:\/\/www.ketchum.com\/germany\/crisis-unterseite-krisensimulation\/#primaryimage"},"thumbnailUrl":"https:\/\/www.ketchum.com\/germany\/wp-content\/uploads\/sites\/5\/2023\/03\/9.jpg","datePublished":"2024-06-10T10:44:22+00:00","dateModified":"2024-11-14T16:23:36+00:00","description":"Ketchum ist eine der f\u00fchrenden Kommunikationsberatungen. Ketchum versteht sich als strategischer und operativer Partner der Kund:innen beim Auf- und Ausbau ihrer Marken und ihrer Reputation bei Medien, Influencer:innen und Konsument:innen, bei der Eroberung neuer M\u00e4rkte, bei dynamischen Ver\u00e4nderungsprozessen und in der Digitalen Transformation, bei der Bew\u00e4ltigung von Krisen sowie bei gesellschaftlichen und politischen Gestaltungsaufgaben.","breadcrumb":{"@id":"https:\/\/www.ketchum.com\/germany\/crisis-unterseite-krisensimulation\/#breadcrumb"},"inLanguage":"de-DE","potentialAction":[{"@type":"ReadAction","target":["https:\/\/www.ketchum.com\/germany\/crisis-unterseite-krisensimulation\/"]}]},{"@type":"ImageObject","inLanguage":"de-DE","@id":"https:\/\/www.ketchum.com\/germany\/crisis-unterseite-krisensimulation\/#primaryimage","url":"https:\/\/www.ketchum.com\/germany\/wp-content\/uploads\/sites\/5\/2023\/03\/9.jpg","contentUrl":"https:\/\/www.ketchum.com\/germany\/wp-content\/uploads\/sites\/5\/2023\/03\/9.jpg","width":2048,"height":1536},{"@type":"BreadcrumbList","@id":"https:\/\/www.ketchum.com\/germany\/crisis-unterseite-krisensimulation\/#breadcrumb","itemListElement":[{"@type":"ListItem","position":1,"name":"Home","item":"https:\/\/www.ketchum.com\/germany\/"},{"@type":"ListItem","position":2,"name":"Crisis \u2013 Unterseite Krisensimulation"}]},{"@type":"WebSite","@id":"https:\/\/www.ketchum.com\/germany\/#website","url":"https:\/\/www.ketchum.com\/germany\/","name":"Ketchum Germany","description":"Ketchum ist eine der f\u00fchrenden Kommunikationsberatungen. Ketchum versteht sich als strategischer und operativer Partner der Kund:innen beim Auf- und Ausbau ihrer Marken und ihrer Reputation bei Medien, Influencer:innen und Konsument:innen, bei der Eroberung neuer M\u00e4rkte, bei dynamischen Ver\u00e4nderungsprozessen und in der Digitalen Transformation, bei der Bew\u00e4ltigung von Krisen sowie bei gesellschaftlichen und politischen Gestaltungsaufgaben.","potentialAction":[{"@type":"SearchAction","target":{"@type":"EntryPoint","urlTemplate":"https:\/\/www.ketchum.com\/germany\/?s={search_term_string}"},"query-input":{"@type":"PropertyValueSpecification","valueRequired":true,"valueName":"search_term_string"}}],"inLanguage":"de-DE"}]}},"featured_image_src":"https:\/\/www.ketchum.com\/germany\/wp-content\/uploads\/sites\/5\/2023\/03\/9.jpg","featured_image_src_square":"https:\/\/www.ketchum.com\/germany\/wp-content\/uploads\/sites\/5\/2023\/03\/9.jpg","_links":{"self":[{"href":"https:\/\/www.ketchum.com\/germany\/wp-json\/wp\/v2\/pages\/2669","targetHints":{"allow":["GET"]}}],"collection":[{"href":"https:\/\/www.ketchum.com\/germany\/wp-json\/wp\/v2\/pages"}],"about":[{"href":"https:\/\/www.ketchum.com\/germany\/wp-json\/wp\/v2\/types\/page"}],"author":[{"embeddable":true,"href":"https:\/\/www.ketchum.com\/germany\/wp-json\/wp\/v2\/users\/3"}],"replies":[{"embeddable":true,"href":"https:\/\/www.ketchum.com\/germany\/wp-json\/wp\/v2\/comments?post=2669"}],"version-history":[{"count":0,"href":"https:\/\/www.ketchum.com\/germany\/wp-json\/wp\/v2\/pages\/2669\/revisions"}],"wp:featuredmedia":[{"embeddable":true,"href":"https:\/\/www.ketchum.com\/germany\/wp-json\/wp\/v2\/media\/601"}],"wp:attachment":[{"href":"https:\/\/www.ketchum.com\/germany\/wp-json\/wp\/v2\/media?parent=2669"}],"curies":[{"name":"wp","href":"https:\/\/api.w.org\/{rel}","templated":true}]}}