{"id":2664,"date":"2024-06-10T10:25:04","date_gmt":"2024-06-10T10:25:04","guid":{"rendered":"https:\/\/ketchumcorpstg.wpengine.com\/germany\/?page_id=2370"},"modified":"2024-07-17T10:44:54","modified_gmt":"2024-07-17T10:44:54","slug":"crisis-unterseite-krisen-audit","status":"publish","type":"page","link":"https:\/\/www.ketchum.com\/germany\/crisis-unterseite-krisen-audit\/","title":{"rendered":"Crisis \u2013 Unterseite Krisen-Audit"},"content":{"rendered":"\n<div style=\"height:20px\" aria-hidden=\"true\" class=\"wp-block-spacer ketchum-timber-desktop-only\"><\/div>\n\n\n\n<div class=\"wp-block-cover is-light bannerTopImg\" style=\"min-height:776px;aspect-ratio:unset;\"><span aria-hidden=\"true\" class=\"wp-block-cover__background has-background-dim\" style=\"background-color:#6c91b2\"><\/span><img decoding=\"async\" class=\"wp-block-cover__image-background wp-image-2629\" alt=\"\" src=\"https:\/\/www.ketchum.com\/germany\/wp-content\/uploads\/sites\/5\/2024\/06\/iStock-502706671-scaled.jpg\" data-object-fit=\"cover\"\/><div class=\"wp-block-cover__inner-container is-layout-flow wp-block-cover-is-layout-flow\">\n<div style=\"height:380px\" aria-hidden=\"true\" class=\"wp-block-spacer ketchum-timber-desktop-only\"><\/div>\n\n\n\n<p class=\"has-text-align-center has-white-color has-text-color has-link-color has-medium-font-size wp-elements-02d98356ece4b481ddd27ceee9faa642\"><strong>Krisen-Audit:<\/strong><\/p>\n\n\n<style>@media only screen and (max-width: 1200px) {.gb-69f0f0bb449b4{}}@media only screen and (max-width: 600px) {.gb-69f0f0bb449b4{}}<\/style>\n<h1 class=\"gb-69f0f0bb449b4 wp-block-heading has-text-align-center anchorTagCls headerHeadings_mob has-white-color has-text-color has-link-color wp-elements-449749b6fe3ca49bbf0d34e5fad869d2\" style=\"padding-right:0;padding-left:0;font-size:46px\"> KRISEN-AUDIT F\u00dcR DIE PRAXISNAHE UND<br>PRAGMATISCHE KRISENAUFSTELLUNG<br><br><\/h1>\n<\/div><\/div>\n\n\n\n<div class=\"wp-block-genesis-blocks-gb-container bgRediantColr gb-block-container\"><div class=\"gb-container-inside\"><div class=\"gb-container-image-wrap\"><img decoding=\"async\" class=\"gb-container-image has-background-dim\" object-fit=\"cover\"  src=\"https:\/\/www.ketchum.com\/germany\/wp-content\/uploads\/sites\/5\/2024\/06\/Element_Grid_pattern_bg.svg\" alt=\"\"\/><\/div><div class=\"gb-container-content\">\n<div class=\"wp-block-genesis-blocks-gb-columns container gb-layout-columns-2 gb-2-col-equal\" style=\"padding-top:5%;padding-bottom:5%\"><div class=\"gb-layout-column-wrap gb-block-layout-column-gap-2 gb-is-responsive-column\">\n<div class=\"wp-block-genesis-blocks-gb-column gb-block-layout-column\"><div class=\"gb-block-layout-column-inner\"><style>.gb-69f0f0bb44e42{font-size: 20px;}@media only screen and (max-width: 1200px) {.gb-69f0f0bb44e42{}}@media only screen and (max-width: 600px) {.gb-69f0f0bb44e42{}}<\/style>\n<h3 class=\"gb-69f0f0bb44e42 wp-block-heading h5FontSize_mob h5lineHeight has-medium-font-size\"><strong>Viele Unternehmen verf\u00fcgen \u00fcber ein <mark style=\"background-color:rgba(0, 0, 0, 0);color:#9a1960\" class=\"has-inline-color\">Krisen(kommunikations)handbuch,<\/mark> Sie auch? Aber, wissen Sie, ob es den Realit\u00e4ten eines immer schnelleren Meinungsmarktes noch entspricht? Wissen alle Verantwortlichen, was im Krisenfall zu tun ist? Sind auch die Schnittstellenfunktionen zu R&amp;D, Technik, Qualit\u00e4tssicherung, aber auch Werbung und Marketing \u201ekrisenfest\u201c? Antworten auf diese Fragen gibt Ihnen unser Krisen-Audit. Hierbei \u00fcberpr\u00fcfen wir Ihre Kommunikationsprozesse, sensibilisieren Ihr Team f\u00fcr die Krise und geben Empfehlungen f\u00fcr die Modifikation krisenrelevanter Prozesse.<\/strong><br><br><\/h3>\n\n\n\n<p class=\"paralineHeight parafontsize_mob\">In einer Bestandaufnahme testen wir neben der Aktualit\u00e4t der Krisenmaterialien auch Ihre vorhandenen Prozesse und Strukturen. Dabei \u00fcberpr\u00fcfen wir Rollen, Abl\u00e4ufe und Schnittstellen, zeigen L\u00fccken auf und geben Empfehlungen zur Weiterentwicklung. Zudem analysieren wir mit Ihnen das reputative Risikopotenzial f\u00fcr Ihr Unternehmen. In einem Workshop erfassen wir den Status Quo und erarbeiten Verbesserungspotenziale, die wir abschlie\u00dfend in Form von Empfehlungen konkretisieren.<\/p>\n\n\n\n<p><\/p>\n<\/div><\/div>\n\n\n\n<div class=\"wp-block-genesis-blocks-gb-column gb-block-layout-column\"><div class=\"gb-block-layout-column-inner\">\n<div style=\"background-color:#a3d1eb;padding-left:10%;padding-right:10%;padding-bottom:10%;padding-top:2%\" class=\"wp-block-genesis-blocks-gb-container gb-block-container\"><div class=\"gb-container-inside\"><div class=\"gb-container-content\">\n<div class=\"wp-block-columns is-layout-flex wp-container-core-columns-is-layout-9d6595d7 wp-block-columns-is-layout-flex\" id=\"germanyVerticalborder\">\n<div class=\"wp-block-column is-layout-flow wp-block-column-is-layout-flow\"><style>@media only screen and (max-width: 1200px) {.gb-69f0f0bb48e6e{}}@media only screen and (max-width: 600px) {.gb-69f0f0bb48e6e{}}<\/style>\n<h2 class=\"gb-69f0f0bb48e6e wp-block-heading h5FontSize_mob\" style=\"font-size:34px\"><br><br>Wir zeigen Ihnen strukturiert auf, welche Prozesse, Strukturen und Verantwortlichkeiten Sie so optimieren k\u00f6nnen, dass Sie im Krisenfall schnell und effektiv agieren k\u00f6nnen. Unsere <mark style=\"background-color:rgba(0, 0, 0, 0)\" class=\"has-inline-color has-white-color\">Audits<\/mark> f\u00fchren praxiserfahrene Expert:innen durch, die bereits Kund:innen durch zahlreiche Krisen begleitet haben.<\/h2>\n<\/div>\n<\/div>\n<\/div><\/div><\/div>\n<\/div><\/div>\n<\/div><\/div>\n\n\n\n<div style=\"height:50px\" aria-hidden=\"true\" class=\"wp-block-spacer\"><\/div>\n\n\n\n<div style=\"padding-left:5%;padding-right:5%\" class=\"wp-block-genesis-blocks-gb-container gb-block-container\"><div class=\"gb-container-inside\"><div class=\"gb-container-content\" style=\"max-width:1080px\">\n<div class=\"wp-block-columns is-layout-flex wp-container-core-columns-is-layout-9d6595d7 wp-block-columns-is-layout-flex\">\n<div class=\"wp-block-column is-layout-flow wp-block-column-is-layout-flow\"><style>@media only screen and (max-width: 600px) {.gb-69f0f0bb48f9d{}}<\/style>\n<h3 class=\"gb-69f0f0bb48f9d wp-block-heading germanyHeadlines h5FontSize_mob\" style=\"font-size:46px\">ABLAUF EINES KRISEN-AUDITS<\/h3>\n\n\n\n<p class=\"parafontsize_mob paralineHeight\"><br>Bei einem Krisen-Audit \u00fcberpr\u00fcfen wir neben Organisation und Prozessen auch Unterlagen und Templates. Zudem betrachten wir die verschiedenen Akteure in ihren Rollen und \u00fcberpr\u00fcfen die vorhandene Infrastruktur. Dazu analysieren und bewerten wir vorhandene Materialien, befragen in qualitativen Leitfadeninterviews Krisen-Akteure, bzw. f\u00fchren strukturierte Gruppengespr\u00e4che. Zudem finden Testl\u00e4ufe f\u00fcr krisenrelevante Prozesse statt. Dazu z\u00e4hlen Alarmierung, Lagebild-Erstellung, Ma\u00dfnahmen-Tracking, Rollenverst\u00e4ndnis, Template- und Checklisten-Nutzung sowie Technik.<\/p>\n<\/div>\n\n\n\n<div class=\"wp-block-column wpimagePtPb is-layout-flow wp-block-column-is-layout-flow\" style=\"padding-top:var(--wp--preset--spacing--80);padding-bottom:var(--wp--preset--spacing--80)\"><div class=\"wp-block-image imgIconSvg\">\n<figure class=\"aligncenter size-full\"><img decoding=\"async\" src=\"https:\/\/www.ketchum.com\/germany\/wp-content\/uploads\/sites\/5\/2024\/06\/icon_010.svg\" alt=\"\" class=\"wp-image-2625\"\/><\/figure>\n<\/div><\/div>\n<\/div>\n\n\n\n<div class=\"wp-block-columns reverse-column is-layout-flex wp-container-core-columns-is-layout-9d6595d7 wp-block-columns-is-layout-flex\">\n<div class=\"wp-block-column wpimagePtPb is-layout-flow wp-block-column-is-layout-flow\" style=\"padding-top:var(--wp--preset--spacing--80);padding-bottom:var(--wp--preset--spacing--80)\"><div class=\"wp-block-image imgIconSvg\">\n<figure class=\"aligncenter size-full\"><img decoding=\"async\" src=\"https:\/\/www.ketchum.com\/germany\/wp-content\/uploads\/sites\/5\/2024\/06\/icon_011.svg\" alt=\"\" class=\"wp-image-2631\"\/><\/figure>\n<\/div><\/div>\n\n\n\n<div class=\"wp-block-column is-layout-flow wp-block-column-is-layout-flow\"><style>@media only screen and (max-width: 1200px) {.gb-69f0f0bb491f6{}}@media only screen and (max-width: 600px) {.gb-69f0f0bb491f6{}}<\/style>\n<h3 class=\"gb-69f0f0bb491f6 wp-block-heading germanyHeadlines h5FontSize_mob\" style=\"font-size:46px\">MA\u00dfNAHMEN NACH DEM KRISEN-AUDIT<\/h3>\n\n\n\n<p class=\"paralineHeight parafontsize_mob\"><br>Ausgehend von den Audit-Ergebnissen leiten wir die n\u00e4chsten Schritte ein, damit Sie optimal auf den Krisenfall vorbereitet sind. Denn nun wissen wir: Wo laufen die Prozesse bereits gut, wo gibt es Verbesserungsbedarf und welche Aspekte wurden bislang noch gar nicht ber\u00fccksichtigt. <br><br>Das Krisen-Audit kann in gek\u00fcrzter und komprimierter Form in einem Tag erfolgen oder im Rahmen eines umfassenderen Analyseprozesses.<\/p>\n<\/div>\n<\/div>\n<\/div><\/div><\/div>\n<\/div><\/div><\/div>\n\n\n\n<div style=\"height:20px\" aria-hidden=\"true\" class=\"wp-block-spacer ketchum-timber-desktop-only\"><\/div>\n\n\n\n<style>\n#germanyVerticalborder {\n            position: relative;\n            padding-left: 20px; \/* Adjust padding to move text away from the border *\/\n        }\n\n        #germanyVerticalborder::before {\n    content: \"\";\n    display: block;\n    width: 60px;\n    border-top: 10px solid #FBBC42;\n    border-left: 10px solid #FBBC42;\n    margin-bottom: 10px;\n    height: 60px;\n    position: absolute;\n    top: 60px;\n    left: 0px;\n}\n.bgRediantColr{\nbackground: linear-gradient(rgba(251, 188, 66, .16), white);\n}\n<\/style>\n","protected":false},"excerpt":{"rendered":"Krisen-Audit: KRISEN-AUDIT F\u00dcR DIE PRAXISNAHE UNDPRAGMATISCHE KRISENAUFSTELLUNG Viele Unternehmen verf\u00fcgen \u00fcber ein Krisen(kommunikations)handbuch, Sie auch? Aber, wissen Sie, ob es den Realit\u00e4ten eines immer schnelleren Meinungsmarktes noch entspricht? Wissen alle Verantwortlichen, was im Krisenfall zu tun ist? Sind auch die Schnittstellenfunktionen zu R&amp;D, Technik, Qualit\u00e4tssicherung, aber auch Werbung und Marketing \u201ekrisenfest\u201c? Antworten auf diese Fragen [...]","protected":false},"author":3,"featured_media":601,"parent":0,"menu_order":0,"comment_status":"closed","ping_status":"closed","template":"","meta":{"_acf_changed":false,"footnotes":""},"class_list":["post-2664","page","type-page","status-publish","has-post-thumbnail","hentry"],"acf":[],"yoast_head":"<!-- This site is optimized with the Yoast SEO plugin v27.4 - https:\/\/yoast.com\/product\/yoast-seo-wordpress\/ -->\n<title>Crisis \u2013 Unterseite Krisen-Audit | Ketchum \u2013 Eine f\u00fchrende Agentur f\u00fcr Reputation, Markenkommunikation und Transformation<\/title>\n<meta name=\"description\" content=\"Ketchum ist eine der f\u00fchrenden Kommunikationsberatungen. Ketchum versteht sich als strategischer und operativer Partner der Kund:innen beim Auf- und Ausbau ihrer Marken und ihrer Reputation bei Medien, Influencer:innen und Konsument:innen, bei der Eroberung neuer M\u00e4rkte, bei dynamischen Ver\u00e4nderungsprozessen und in der Digitalen Transformation, bei der Bew\u00e4ltigung von Krisen sowie bei gesellschaftlichen und politischen Gestaltungsaufgaben.\" \/>\n<meta name=\"robots\" content=\"index, follow, max-snippet:-1, max-image-preview:large, max-video-preview:-1\" \/>\n<link rel=\"canonical\" href=\"https:\/\/www.ketchum.com\/germany\/crisis-unterseite-krisen-audit\/\" \/>\n<meta property=\"og:locale\" content=\"de_DE\" \/>\n<meta property=\"og:type\" content=\"article\" \/>\n<meta property=\"og:title\" content=\"Crisis \u2013 Unterseite Krisen-Audit | Ketchum \u2013 Eine f\u00fchrende Agentur f\u00fcr Reputation, Markenkommunikation und Transformation\" \/>\n<meta property=\"og:description\" content=\"Ketchum ist eine der f\u00fchrenden Kommunikationsberatungen. Ketchum versteht sich als strategischer und operativer Partner der Kund:innen beim Auf- und Ausbau ihrer Marken und ihrer Reputation bei Medien, Influencer:innen und Konsument:innen, bei der Eroberung neuer M\u00e4rkte, bei dynamischen Ver\u00e4nderungsprozessen und in der Digitalen Transformation, bei der Bew\u00e4ltigung von Krisen sowie bei gesellschaftlichen und politischen Gestaltungsaufgaben.\" \/>\n<meta property=\"og:url\" content=\"https:\/\/www.ketchum.com\/germany\/crisis-unterseite-krisen-audit\/\" \/>\n<meta property=\"og:site_name\" content=\"Ketchum Germany\" \/>\n<meta property=\"article:modified_time\" content=\"2024-07-17T10:44:54+00:00\" \/>\n<meta property=\"og:image\" content=\"https:\/\/www.ketchum.com\/germany\/wp-content\/uploads\/sites\/5\/2023\/03\/9.jpg\" \/>\n\t<meta property=\"og:image:width\" content=\"2048\" \/>\n\t<meta property=\"og:image:height\" content=\"1536\" \/>\n\t<meta property=\"og:image:type\" content=\"image\/jpeg\" \/>\n<meta name=\"twitter:card\" content=\"summary_large_image\" \/>\n<meta name=\"twitter:label1\" content=\"Est. reading time\" \/>\n\t<meta name=\"twitter:data1\" content=\"3 minutes\" \/>\n<script type=\"application\/ld+json\" class=\"yoast-schema-graph\">{\"@context\":\"https:\\\/\\\/schema.org\",\"@graph\":[{\"@type\":\"WebPage\",\"@id\":\"https:\\\/\\\/www.ketchum.com\\\/germany\\\/crisis-unterseite-krisen-audit\\\/\",\"url\":\"https:\\\/\\\/www.ketchum.com\\\/germany\\\/crisis-unterseite-krisen-audit\\\/\",\"name\":\"Crisis \u2013 Unterseite Krisen-Audit | Ketchum \u2013 Eine f\u00fchrende Agentur f\u00fcr Reputation, Markenkommunikation und Transformation\",\"isPartOf\":{\"@id\":\"https:\\\/\\\/www.ketchum.com\\\/germany\\\/#website\"},\"primaryImageOfPage\":{\"@id\":\"https:\\\/\\\/www.ketchum.com\\\/germany\\\/crisis-unterseite-krisen-audit\\\/#primaryimage\"},\"image\":{\"@id\":\"https:\\\/\\\/www.ketchum.com\\\/germany\\\/crisis-unterseite-krisen-audit\\\/#primaryimage\"},\"thumbnailUrl\":\"https:\\\/\\\/www.ketchum.com\\\/germany\\\/wp-content\\\/uploads\\\/sites\\\/5\\\/2023\\\/03\\\/9.jpg\",\"datePublished\":\"2024-06-10T10:25:04+00:00\",\"dateModified\":\"2024-07-17T10:44:54+00:00\",\"description\":\"Ketchum ist eine der f\u00fchrenden Kommunikationsberatungen. Ketchum versteht sich als strategischer und operativer Partner der Kund:innen beim Auf- und Ausbau ihrer Marken und ihrer Reputation bei Medien, Influencer:innen und Konsument:innen, bei der Eroberung neuer M\u00e4rkte, bei dynamischen Ver\u00e4nderungsprozessen und in der Digitalen Transformation, bei der Bew\u00e4ltigung von Krisen sowie bei gesellschaftlichen und politischen Gestaltungsaufgaben.\",\"breadcrumb\":{\"@id\":\"https:\\\/\\\/www.ketchum.com\\\/germany\\\/crisis-unterseite-krisen-audit\\\/#breadcrumb\"},\"inLanguage\":\"de-DE\",\"potentialAction\":[{\"@type\":\"ReadAction\",\"target\":[\"https:\\\/\\\/www.ketchum.com\\\/germany\\\/crisis-unterseite-krisen-audit\\\/\"]}]},{\"@type\":\"ImageObject\",\"inLanguage\":\"de-DE\",\"@id\":\"https:\\\/\\\/www.ketchum.com\\\/germany\\\/crisis-unterseite-krisen-audit\\\/#primaryimage\",\"url\":\"https:\\\/\\\/www.ketchum.com\\\/germany\\\/wp-content\\\/uploads\\\/sites\\\/5\\\/2023\\\/03\\\/9.jpg\",\"contentUrl\":\"https:\\\/\\\/www.ketchum.com\\\/germany\\\/wp-content\\\/uploads\\\/sites\\\/5\\\/2023\\\/03\\\/9.jpg\",\"width\":2048,\"height\":1536},{\"@type\":\"BreadcrumbList\",\"@id\":\"https:\\\/\\\/www.ketchum.com\\\/germany\\\/crisis-unterseite-krisen-audit\\\/#breadcrumb\",\"itemListElement\":[{\"@type\":\"ListItem\",\"position\":1,\"name\":\"Home\",\"item\":\"https:\\\/\\\/www.ketchum.com\\\/germany\\\/\"},{\"@type\":\"ListItem\",\"position\":2,\"name\":\"Crisis \u2013 Unterseite Krisen-Audit\"}]},{\"@type\":\"WebSite\",\"@id\":\"https:\\\/\\\/www.ketchum.com\\\/germany\\\/#website\",\"url\":\"https:\\\/\\\/www.ketchum.com\\\/germany\\\/\",\"name\":\"Ketchum Germany\",\"description\":\"Ketchum ist eine der f\u00fchrenden Kommunikationsberatungen. Ketchum versteht sich als strategischer und operativer Partner der Kund:innen beim Auf- und Ausbau ihrer Marken und ihrer Reputation bei Medien, Influencer:innen und Konsument:innen, bei der Eroberung neuer M\u00e4rkte, bei dynamischen Ver\u00e4nderungsprozessen und in der Digitalen Transformation, bei der Bew\u00e4ltigung von Krisen sowie bei gesellschaftlichen und politischen Gestaltungsaufgaben.\",\"potentialAction\":[{\"@type\":\"SearchAction\",\"target\":{\"@type\":\"EntryPoint\",\"urlTemplate\":\"https:\\\/\\\/www.ketchum.com\\\/germany\\\/?s={search_term_string}\"},\"query-input\":{\"@type\":\"PropertyValueSpecification\",\"valueRequired\":true,\"valueName\":\"search_term_string\"}}],\"inLanguage\":\"de-DE\"}]}<\/script>\n<!-- \/ Yoast SEO plugin. -->","yoast_head_json":{"title":"Crisis \u2013 Unterseite Krisen-Audit | Ketchum \u2013 Eine f\u00fchrende Agentur f\u00fcr Reputation, Markenkommunikation und Transformation","description":"Ketchum ist eine der f\u00fchrenden Kommunikationsberatungen. Ketchum versteht sich als strategischer und operativer Partner der Kund:innen beim Auf- und Ausbau ihrer Marken und ihrer Reputation bei Medien, Influencer:innen und Konsument:innen, bei der Eroberung neuer M\u00e4rkte, bei dynamischen Ver\u00e4nderungsprozessen und in der Digitalen Transformation, bei der Bew\u00e4ltigung von Krisen sowie bei gesellschaftlichen und politischen Gestaltungsaufgaben.","robots":{"index":"index","follow":"follow","max-snippet":"max-snippet:-1","max-image-preview":"max-image-preview:large","max-video-preview":"max-video-preview:-1"},"canonical":"https:\/\/www.ketchum.com\/germany\/crisis-unterseite-krisen-audit\/","og_locale":"de_DE","og_type":"article","og_title":"Crisis \u2013 Unterseite Krisen-Audit | Ketchum \u2013 Eine f\u00fchrende Agentur f\u00fcr Reputation, Markenkommunikation und Transformation","og_description":"Ketchum ist eine der f\u00fchrenden Kommunikationsberatungen. Ketchum versteht sich als strategischer und operativer Partner der Kund:innen beim Auf- und Ausbau ihrer Marken und ihrer Reputation bei Medien, Influencer:innen und Konsument:innen, bei der Eroberung neuer M\u00e4rkte, bei dynamischen Ver\u00e4nderungsprozessen und in der Digitalen Transformation, bei der Bew\u00e4ltigung von Krisen sowie bei gesellschaftlichen und politischen Gestaltungsaufgaben.","og_url":"https:\/\/www.ketchum.com\/germany\/crisis-unterseite-krisen-audit\/","og_site_name":"Ketchum Germany","article_modified_time":"2024-07-17T10:44:54+00:00","og_image":[{"width":2048,"height":1536,"url":"https:\/\/www.ketchum.com\/germany\/wp-content\/uploads\/sites\/5\/2023\/03\/9.jpg","type":"image\/jpeg"}],"twitter_card":"summary_large_image","twitter_misc":{"Est. reading time":"3 minutes"},"schema":{"@context":"https:\/\/schema.org","@graph":[{"@type":"WebPage","@id":"https:\/\/www.ketchum.com\/germany\/crisis-unterseite-krisen-audit\/","url":"https:\/\/www.ketchum.com\/germany\/crisis-unterseite-krisen-audit\/","name":"Crisis \u2013 Unterseite Krisen-Audit | Ketchum \u2013 Eine f\u00fchrende Agentur f\u00fcr Reputation, Markenkommunikation und Transformation","isPartOf":{"@id":"https:\/\/www.ketchum.com\/germany\/#website"},"primaryImageOfPage":{"@id":"https:\/\/www.ketchum.com\/germany\/crisis-unterseite-krisen-audit\/#primaryimage"},"image":{"@id":"https:\/\/www.ketchum.com\/germany\/crisis-unterseite-krisen-audit\/#primaryimage"},"thumbnailUrl":"https:\/\/www.ketchum.com\/germany\/wp-content\/uploads\/sites\/5\/2023\/03\/9.jpg","datePublished":"2024-06-10T10:25:04+00:00","dateModified":"2024-07-17T10:44:54+00:00","description":"Ketchum ist eine der f\u00fchrenden Kommunikationsberatungen. Ketchum versteht sich als strategischer und operativer Partner der Kund:innen beim Auf- und Ausbau ihrer Marken und ihrer Reputation bei Medien, Influencer:innen und Konsument:innen, bei der Eroberung neuer M\u00e4rkte, bei dynamischen Ver\u00e4nderungsprozessen und in der Digitalen Transformation, bei der Bew\u00e4ltigung von Krisen sowie bei gesellschaftlichen und politischen Gestaltungsaufgaben.","breadcrumb":{"@id":"https:\/\/www.ketchum.com\/germany\/crisis-unterseite-krisen-audit\/#breadcrumb"},"inLanguage":"de-DE","potentialAction":[{"@type":"ReadAction","target":["https:\/\/www.ketchum.com\/germany\/crisis-unterseite-krisen-audit\/"]}]},{"@type":"ImageObject","inLanguage":"de-DE","@id":"https:\/\/www.ketchum.com\/germany\/crisis-unterseite-krisen-audit\/#primaryimage","url":"https:\/\/www.ketchum.com\/germany\/wp-content\/uploads\/sites\/5\/2023\/03\/9.jpg","contentUrl":"https:\/\/www.ketchum.com\/germany\/wp-content\/uploads\/sites\/5\/2023\/03\/9.jpg","width":2048,"height":1536},{"@type":"BreadcrumbList","@id":"https:\/\/www.ketchum.com\/germany\/crisis-unterseite-krisen-audit\/#breadcrumb","itemListElement":[{"@type":"ListItem","position":1,"name":"Home","item":"https:\/\/www.ketchum.com\/germany\/"},{"@type":"ListItem","position":2,"name":"Crisis \u2013 Unterseite Krisen-Audit"}]},{"@type":"WebSite","@id":"https:\/\/www.ketchum.com\/germany\/#website","url":"https:\/\/www.ketchum.com\/germany\/","name":"Ketchum Germany","description":"Ketchum ist eine der f\u00fchrenden Kommunikationsberatungen. Ketchum versteht sich als strategischer und operativer Partner der Kund:innen beim Auf- und Ausbau ihrer Marken und ihrer Reputation bei Medien, Influencer:innen und Konsument:innen, bei der Eroberung neuer M\u00e4rkte, bei dynamischen Ver\u00e4nderungsprozessen und in der Digitalen Transformation, bei der Bew\u00e4ltigung von Krisen sowie bei gesellschaftlichen und politischen Gestaltungsaufgaben.","potentialAction":[{"@type":"SearchAction","target":{"@type":"EntryPoint","urlTemplate":"https:\/\/www.ketchum.com\/germany\/?s={search_term_string}"},"query-input":{"@type":"PropertyValueSpecification","valueRequired":true,"valueName":"search_term_string"}}],"inLanguage":"de-DE"}]}},"featured_image_src":"https:\/\/www.ketchum.com\/germany\/wp-content\/uploads\/sites\/5\/2023\/03\/9.jpg","featured_image_src_square":"https:\/\/www.ketchum.com\/germany\/wp-content\/uploads\/sites\/5\/2023\/03\/9.jpg","_links":{"self":[{"href":"https:\/\/www.ketchum.com\/germany\/wp-json\/wp\/v2\/pages\/2664","targetHints":{"allow":["GET"]}}],"collection":[{"href":"https:\/\/www.ketchum.com\/germany\/wp-json\/wp\/v2\/pages"}],"about":[{"href":"https:\/\/www.ketchum.com\/germany\/wp-json\/wp\/v2\/types\/page"}],"author":[{"embeddable":true,"href":"https:\/\/www.ketchum.com\/germany\/wp-json\/wp\/v2\/users\/3"}],"replies":[{"embeddable":true,"href":"https:\/\/www.ketchum.com\/germany\/wp-json\/wp\/v2\/comments?post=2664"}],"version-history":[{"count":0,"href":"https:\/\/www.ketchum.com\/germany\/wp-json\/wp\/v2\/pages\/2664\/revisions"}],"wp:featuredmedia":[{"embeddable":true,"href":"https:\/\/www.ketchum.com\/germany\/wp-json\/wp\/v2\/media\/601"}],"wp:attachment":[{"href":"https:\/\/www.ketchum.com\/germany\/wp-json\/wp\/v2\/media?parent=2664"}],"curies":[{"name":"wp","href":"https:\/\/api.w.org\/{rel}","templated":true}]}}